actor of 153 and 170?
17
Calculate the greatest common divisor of 171 and 27.
9
What is the highest common factor of 110 and 1078?
22
Calculate the greatest common divisor of 84 and 336.
84
Calculate the highest common divisor of 118 and 5074.
118
What is the highest common divisor of 4964 and 102?
34
What is the highest common divisor of 16 and 208?
16
What is the highest common factor of 204 and 12?
12
What is the highest common divisor of 48 and 176?
16
Calculate the greatest common divisor of 3794 and 14.
14
Calculate the highest common factor of 176 and 1441.
11
Calculate the greatest common divisor of 10 and 1935.
5
What is the greatest common factor of 2080 and 65?
65
Calculate the highest common factor of 36 and 108.
36
What is the highest common factor of 2384 and 32?
16
Calculate the highest common factor of 594 and 3348.
54
What is the greatest common divisor of 75 and 135?
15
Calculate the highest common divisor of 165 and 440.
55
Calculate the greatest common divisor of 14 and 3206.
14
What is the greatest common factor of 51 and 42?
3
Calculate the greatest common factor of 17 and 55.
1
What is the greatest common factor of 42 and 70?
14
Calculate the greatest common divisor of 5425 and 525.
175
What is the highest common factor of 45 and 2865?
15
What is the highest common factor of 77634 and 342?
342
Calculate the greatest common factor of 8 and 1576.
8
What is the highest common factor of 513 and 81?
27
Calculate the highest common divisor of 182 and 52.
26
Calculate the highest common factor of 1 and 32.
1
What is the greatest common factor of 44 and 231?
11
Calculate the greatest common factor of 741 and 39.
39
Calculate the greatest common divisor of 914 and 8683.
457
What is the greatest common factor of 470 and 846?
94
Calculate the greatest common factor of 186 and 496.
62
What is the greatest common factor of 6728 and 290?
58
Calculate the highest common factor of 27 and 1323.
27
Calculate the highest common divisor of 429 and 913.
11
What is the greatest common divisor of 328 and 32?
8
What is the highest common divisor of 11 and 2200?
11
What is the highest common factor of 2090 and 494?
38
What is the greatest common factor of 40 and 560?
40
Calculate the greatest common factor of 477 and 3021.
159
Calculate the highest common divisor of 403 and 52.
13
What is the greatest common divisor of 3472 and 560?
112
What is the greatest common divisor of 32105 and 5?
5
What is the highest common factor of 2376 and 88?
88
What is the highest common divisor of 80 and 560?
80
Calculate the highest common divisor of 112 and 350.
14
What is the highest common factor of 1744 and 16?
16
What is the greatest common factor of 112 and 1778?
14
Calculate the highest common divisor of 10017 and 81.
27
What is the highest common factor of 6 and 3168?
6
What is the greatest common factor of 473 and 1133?
11
What is the highest common factor of 280 and 504?
56
What is the greatest common divisor of 14 and 32?
2
What is the highest common divisor of 21 and 1590?
3
Calculate the greatest common factor of 69 and 12489.
69
Calculate the highest common divisor of 2225 and 75.
25
What is the greatest common divisor of 120 and 4120?
40
Calculate the greatest common factor of 165 and 330.
165
Calculate the greatest common divisor of 340 and 20.
20
What is the highest common factor of 189 and 588?
21
What is the highest common divisor of 15 and 75?
15
What is the greatest common factor of 38 and 475?
19
What is the highest common factor of 19 and 3667?
19
What is the highest common divisor of 6 and 39?
3
What is the greatest common divisor of 464 and 12?
4
Calculate the greatest common divisor of 426 and 1065.
213
What is the highest common factor of 175 and 100?
25
What is the greatest common factor of 289 and 102?
17
Calculate the greatest common factor of 440 and 80.
40
What is the greatest common factor of 369 and 287?
41
Calculate the greatest common factor of 968 and 121.
121
What is the greatest common divisor of 57 and 5567?
19
What is the greatest common divisor of 961 and 31?
31
Calculate the greatest common divisor of 291 and 388.
97
Calculate the highest common divisor of 5810 and 140.
70
What is the greatest common divisor of 132 and 4785?
33
What is the highest common divisor of 9 and 207?
9
What is the greatest common divisor of 4 and 134?
2
Calculate the highest common divisor of 50 and 320.
10
Calculate the greatest common divisor of 28 and 406.
14
What is the greatest common divisor of 888 and 8?
8
Calculate the greatest common divisor of 130 and 468.
26
Calculate the highest common divisor of 125 and 365.
5
Calculate the highest common divisor of 21 and 23016.
21
Calculate the highest common divisor of 4 and 42.
2
What is the greatest common divisor of 42 and 147?
21
What is the highest common divisor of 665 and 9405?
95
Calculate the highest common factor of 18 and 234.
18
Calculate the greatest common divisor of 570 and 20.
10
What is the greatest common factor of 178 and 4?
2
What is the greatest common divisor of 1629 and 2896?
181
What is the greatest common factor of 635 and 5?
5
Calculate the greatest common divisor of 285 and 399.
57
What is the highest common factor of 34 and 697?
17
What is the greatest common factor of 150 and 3675?
75
What is the greatest common divisor of 22796 and 82?
82
What is the highest common divisor of 138 and 12?
6
What is the highest common factor of 57 and 76?
19
Calculate the highest common factor of 300 and 560.
20
Calculate the highest common divisor of 10960 and 640.
80
Calculate the highest common factor of 48 and 528.
48
What is the greatest common divisor of 24 and 18?
6
Calculate the greatest common factor of 405 and 45.
45
What is the greatest common factor of 3438 and 36?
18
Calculate the highest common factor of 1027 and 13.
13
Calculate the highest common divisor of 39 and 12.
3
What is the highest common divisor of 38 and 1026?
38
Calculate the greatest common divisor of 2 and 178.
2
What is the greatest common factor of 10 and 70?
10
Calculate the highest common factor of 264 and 572.
44
What is the highest common factor of 6 and 2658?
6
What is the greatest common factor of 1522 and 10?
2
Calculate the highest common divisor of 18 and 8.
2
What is the highest common factor of 1189 and 29?
29
Calculate the greatest common factor of 208 and 16.
16
What is the greatest common divisor of 1504 and 16?
16
What is the highest common factor of 7764 and 12?
12
Calculate the greatest common divisor of 28 and 2212.
28
Calculate the greatest common factor of 70 and 210.
70
What is the greatest common factor of 38 and 11039?
19
What is the greatest common divisor of 216 and 1638?
18
What is the highest common factor of 162 and 3078?
162
What is the highest common divisor of 224 and 6818?
14
Calculate the greatest common divisor of 231 and 165.
33
What is the greatest common divisor of 220 and 132?
44
Calculate the highest common divisor of 13 and 2561.
13
What is the greatest common divisor of 573 and 3?
3
Calculate the greatest common factor of 2376 and 330.
66
What is the highest common divisor of 54 and 594?
54
What is the greatest common divisor of 64 and 96?
32
What is the highest common factor of 2002 and 44?
22
Calculate the greatest common divisor of 70 and 1435.
35
What is the highest common divisor of 235 and 141?
47
What is the highest common factor of 899 and 155?
31
Calculate the greatest common divisor of 46 and 124.
2
Calculate the highest common divisor of 442 and 374.
34
Calculate the greatest common factor of 105 and 308.
7
What is the highest common factor of 590 and 10?
10
What is the greatest common factor of 90 and 25470?
90
Calculate the highest common factor of 925 and 74.
37
What is the greatest common divisor of 153 and 102?
51
Calculate the greatest common factor of 129 and 7912.
43
What is the greatest common factor of 9815 and 13?
13
What is the greatest common divisor of 444 and 999?
111
Calculate the highest common divisor of 1152 and 72.
72
Calculate the greatest common factor of 136 and 204.
68
What is the greatest common factor of 12353 and 22?
11
Calculate the greatest common factor of 12 and 156.
12
What is the highest common divisor of 429 and 117